emainder when 20411049 is divided by 4366?
4365
What is the remainder when 287625521 is divided by 5?
1
What is the remainder when 95831778 is divided by 6610?
6608
What is the remainder when 281602 is divided by 56224?
482
What is the remainder when 319350 is divided by 250?
100
Calculate the remainder when 35506608 is divided by 789035.
33
Calculate the remainder when 454222 is divided by 32444.
6
What is the remainder when 206451 is divided by 18766?
25
What is the remainder when 64523727 is divided by 22?
15
Calculate the remainder when 10029788 is divided by 2292.
2288
What is the remainder when 3186545 is divided by 27952?
17
What is the remainder when 338331858 is divided by 628?
626
Calculate the remainder when 9004612 is divided by 1158.
4
What is the remainder when 171825 is divided by 12269?
59
What is the remainder when 65531 is divided by 12900?
1031
What is the remainder when 246641768 is divided by 613?
605
Calculate the remainder when 349019 is divided by 57988.
1091
Calculate the remainder when 1982995 is divided by 548.
331
Calculate the remainder when 69018 is divided by 9834.
180
What is the remainder when 207466 is divided by 713?
696
What is the remainder when 92573 is divided by 29012?
5537
What is the remainder when 47947 is divided by 9559?
152
What is the remainder when 4693869 is divided by 173846?
27
What is the remainder when 16174840 is divided by 175?
115
What is the remainder when 175521 is divided by 82592?
10337
Calculate the remainder when 66630 is divided by 335.
300
What is the remainder when 21420954 is divided by 24?
18
What is the remainder when 12252325 is divided by 1166?
1163
Calculate the remainder when 6167052 is divided by 228398.
306
Calculate the remainder when 11424924 is divided by 336027.
6
Calculate the remainder when 4251448 is divided by 188.
16
Calculate the remainder when 5795242 is divided by 156.
154
What is the remainder when 3121427 is divided by 74?
33
What is the remainder when 4323627 is divided by 20886?
225
Calculate the remainder when 4955986 is divided by 3214.
3212
What is the remainder when 3007395 is divided by 97012?
23
Calculate the remainder when 56375672 is divided by 441.
437
Calculate the remainder when 162694 is divided by 161893.
801
Calculate the remainder when 2493776 is divided by 2021.
1883
What is the remainder when 570493 is divided by 40734?
217
Calculate the remainder when 408525 is divided by 31217.
2704
What is the remainder when 167697 is divided by 1029?
999
What is the remainder when 527990 is divided by 1333?
122
What is the remainder when 288707038 is divided by 7935?
7933
What is the remainder when 867497 is divided by 320?
297
What is the remainder when 938870 is divided by 78235?
50
What is the remainder when 112687279 is divided by 5?
4
What is the remainder when 442289 is divided by 348?
329
What is the remainder when 338116 is divided by 168817?
482
Calculate the remainder when 2954575 is divided by 638.
635
Calculate the remainder when 493202 is divided by 98626.
72
Calculate the remainder when 2386866 is divided by 99446.
162
What is the remainder when 1235578 is divided by 904?
714
Calculate the remainder when 140929 is divided by 233.
197
What is the remainder when 987549 is divided by 4?
1
Calculate the remainder when 45016 is divided by 1135.
751
Calculate the remainder when 102993 is divided by 12620.
2033
What is the remainder when 883238 is divided by 80?
38
Calculate the remainder when 301437 is divided by 150545.
347
Calculate the remainder when 45674830 is divided by 2214.
10
What is the remainder when 2015234 is divided by 118543?
3
Calculate the remainder when 18105737 is divided by 3908.
3881
What is the remainder when 674475 is divided by 39659?
272
Calculate the remainder when 76645102 is divided by 19161274.
6
Calculate the remainder when 19979041 is divided by 269987.
3
Calculate the remainder when 1091258 is divided by 944.
938
What is the remainder when 110783 is divided by 7904?
127
What is the remainder when 14765418 is divided by 372?
366
What is the remainder when 232752 is divided by 10?
2
What is the remainder when 532270 is divided by 76028?
74
What is the remainder when 8664 is divided by 6066?
2598
Calculate the remainder when 68789198 is divided by 3620484.
2
Calculate the remainder when 1926765 is divided by 642202.
159
What is the remainder when 4069885 is divided by 7538?
6903
What is the remainder when 98424831 is divided by 544?
543
What is the remainder when 165117 is divided by 377?
368
Calculate the remainder when 26776154 is divided by 3347018.
10
Calculate the remainder when 8720 is divided by 2322.
1754
What is the remainder when 215077609 is divided by 35846267?
7
Calculate the remainder when 545139259 is divided by 19.
18
What is the remainder when 13173057 is divided by 2162?
2153
Calculate the remainder when 1384540 is divided by 494.
352
What is the remainder when 15085254 is divided by 17007?
45
What is the remainder when 270606 is divided by 201?
60
What is the remainder when 330264076 is divided by 430?
426
Calculate the remainder when 1127645 is divided by 6407.
13
What is the remainder when 111851964 is divided by 2270?
2254
What is the remainder when 7328745 is divided by 41?
36
What is the remainder when 206337129 is divided by 2527?
2525
What is the remainder when 7614765 is divided by 1061?
1029
What is the remainder when 39885837 is divided by 394909?
28
Calculate the remainder when 4101070 is divided by 555.
175
Calculate the remainder when 26300937 is divided by 443.
27
Calculate the remainder when 407217 is divided by 58172.
13
Calculate the remainder when 657451 is divided by 1944.
379
Calculate the remainder when 115272 is divided by 2.
0
Calculate the remainder when 76584148 is divided by 316.
284
Calculate the remainder when 7760067 is divided by 4470.
147
What is the remainder when 102339237 is divided by 158175?
12
Calculate the remainder when 5376054 is divided by 362.
354
What is the remainder when 3287321 is divided by 362?
361
Calculate the remainder when 505081 is divided by 1205.
186
Calculate the remainder when 36185 is divided by 742.
569
What is the remainder when 250436085 is divided by 63?
60
Calculate the remainder when 1417720 is divided by 354.
304
What is the remainder when 1074934 is divided by 179152?
22
Calculate the remainder when 4007801 is divided by 572414.
903
What is the remainder when 35117 is divided by 17280?
557
Calculate the remainder when 264329 is divided by 1413.
98
Calculate the remainder when 1255978 is divided by 1855.
143
Calculate the remainder when 9628967 is divided by 1865.
1837
Calculate the remainder when 253395 is divided by 13308.
543
Calculate the remainder when 418283108 is divided by 6062074.
2
Calculate the remainder when 5811860 is divided by 968.
956
Calculate the remainder when 4255156 is divided by 425.
56
Calculate the remainder when 129853 is divided by 380.
273
Calculate the remainder when 121940353 is divided by 2594474.
75
Calculate the remainder when 1011536 is divided by 7073.
97
Calculate the remainder when 47058 is divided by 3442.
2312
Calculate the remainder when 3737493 is divided by 2382.
135
What is the remainder when 1896990 is divided by 1896916?
74
What is the remainder when 2974438 is divided by 1487168?
102
What is the remainder when 13850 is divided by 3129?
1334
Calculate the remainder when 2917202 is divided by 265199.
13
What is the remainder when 14218315 is divided by 568732?
15
What is the remainder when 76458 is divided by 19095?
78
Calculate the remainder when 669072 is divided by 669031.
41
What is the remainder when 963993244 is divided by 230?
224
Calculate the remainder when 29158246 is divided by 447.
436
Calculate the remainder when 2965094 is divided by 52019.
11
What is the remainder when 26299803 is divided by 6345?
6123
What is the remainder when 40773088 is divided by 397?
394
Calculate the remainder when 335474 is divided by 1843.
48
What is the remainder when 2863764 is divided by 1029?
57
What is the remainder when 899083 is divided by 1407?
10
What is the remainder when 14068037 is divided by 8?
5
What is the remainder when 237150 is divided by 23700?
150
What is the remainder when 3